{"version":"1.0","provider_name":"S\u00fctiv\u00e1r","provider_url":"https:\/\/sutivar.cafeblog.hu","author_name":"S\u00fctiv\u00e1r","author_url":"https:\/\/sutivar.cafeblog.hu\/author\/sutivar\/","title":"Eclair kocka s\u00fct\u00e9s n\u00e9lk\u00fcl","html":"<p style=\"text-align: justify\">Ezt a receptet m\u00e1r r\u00e9gebben kin\u00e9ztem egy amerikai oldalon, vettem is hozz\u00e1 teljes ki\u0151rl\u00e9s\u0171 kekszet, csak azt\u00e1n valahogy mindig elfelejt\u0151d\u00f6tt. Most viszont, hogy bek\u00f6sz\u00f6nt\u00f6tt az igazi tavasz, \u00e9s nekem nincs kedvem a s\u00fct\u0151vel is meleg\u00edteni a lak\u00e1st, elk\u00e9sz\u00edtettem vas\u00e1rnapi desszertk\u00e9nt. Martha Stewart oldal\u00e1n is megtal\u00e1ltam ezt a receptet, de \u0151 m\u00e1shogyan k\u00e9sz\u00edti a kr\u00e9met \u00e9s a m\u00e1zat is. Mivel m\u00e1r elfogyott a marad\u00e9k mascarpone is, ez\u00e9rt pudinggal k\u00e9sz\u00edtettem, mert pudingpor mindig van itthon. Nagyon gyorsan elk\u00e9sz\u00edthet\u0151, \u00e9s semmilyen \u00fcgyess\u00e9get nem ig\u00e9nyel. :) Viszont c\u00e9lszer\u0171 el\u0151z\u0151 nap, vagy ha aznap szeretn\u00e9nk fogyasztani, m\u00e9g reggel elk\u00e9sz\u00edteni, hogy a keksznek legyen ideje megpuhulni, illetve egy kicsit a m\u00e1z is megszil\u00e1rduljon a tetej\u00e9n.<\/p>\r\n<p><strong><br \/>Hozz\u00e1val\u00f3k:<a href=\"https:\/\/sutivar.cafeblog.hu\/files\/2016\/05\/Eclair2.jpg\"><img class=\"alignright size-medium wp-image-2726\" src=\"https:\/\/sutivar.cafeblog.hu\/files\/2016\/05\/Eclair2-300x225.jpg\" alt=\"Eclair2\" width=\"300\" height=\"225\" \/><\/a><\/strong><\/p>\r\n<p>20 dkg Graham keksz vagy<br \/>teljes ki\u0151rl\u00e9s\u0171 keksz<br \/>2 csomag van\u00edli\u00e1s pudingpor vagy<br \/>25 dkg mascarpone<br \/>5 dl tej<br \/>2-3 ev\u0151kan\u00e1l barna cukor<br \/>1 csomag van\u00edli\u00e1s cukor<br \/>3 dl habtejsz\u00edn<\/p>\r\n<p><strong>M\u00e1z:<a href=\"https:\/\/sutivar.cafeblog.hu\/files\/2016\/05\/Eclair1.jpg\"><img class=\"alignright size-medium wp-image-2725\" src=\"https:\/\/sutivar.cafeblog.hu\/files\/2016\/05\/Eclair1-300x225.jpg\" alt=\"Eclair1\" width=\"300\" height=\"225\" \/><\/a><\/strong><\/p>\r\n<p>5 dkg margarin<br \/>5 dkg cukrozatlan kaka\u00f3por<br \/>5 dl tej<br \/>10 dkg porcukor<br \/><br \/><br \/><strong><br \/>Elk\u00e9sz\u00edt\u00e9s:<\/strong><\/p>\r\n<p style=\"text-align: justify\"><span class=\"recipe_instructions_action\">K\u00e9sz\u00edts\u00fck el a pudingport a csomagol\u00e1son l\u00e9v\u0151 m\u00f3don a tejjel \u00e9s a k\u00e9tf\u00e9le cukorral, h\u0171ts\u00fck le, majd keverj\u00fck bele a felvert tejsz\u00ednhabot. (Amennyiben mascarpone-val k\u00e9sz\u00edtj\u00fck, akkor ehhez keverj\u00fck a tejsz\u00ednhabot.) A m\u00e1zhoz val\u00f3kat egy ed\u00e9nyben olvasszuk \u00f6ssze, forraljuk fel. Egy k\u00f6zepes m\u00e9ret\u0171 tepsi vagy j\u00e9nai alj\u00e1t rakjunk ki egy sor keksszel, kenj\u00fck r\u00e1 a kr\u00e9m fel\u00e9t, majd ism\u00e9t egy r\u00e9teg keksz, kr\u00e9m, \u00e9s a v\u00e9g\u00e9n keksz. A tetej\u00e9re \u00f6nts\u00fck r\u00e1 a m\u00e1zat, majd tegy\u00fck n\u00e9h\u00e1ny \u00f3r\u00e1ra vagy egy eg\u00e9sz \u00e9jszak\u00e1ra a h\u0171t\u0151szekr\u00e9nybe.<\/span><\/p>","type":"rich"}

Sütivár

Eclair kocka sütés nélkül

<p style="text-align: justify">Ezt a receptet már régebben kinéztem egy amerikai oldalon, vettem is hozzá teljes kiőrlésű kekszet, csak aztán valahogy mindig elfelejtődött. Most viszont, hogy beköszöntött az igazi tavasz, és nekem nincs kedvem a sütővel is melegíteni a lakást, elkészítettem vasárnapi desszertként. Martha Stewart oldalán is megtaláltam ezt a receptet, de ő máshogyan készíti a krémet és a mázat is. Mivel már elfogyott a maradék mascarpone is, ezért pudinggal készítettem, mert pudingpor mindig van itthon. Nagyon gyorsan elkészíthető, és semmilyen ügyességet nem igényel. :) Viszont célszerű előző nap, vagy ha aznap szeretnénk fogyasztani, még reggel elkészíteni, hogy a keksznek legyen ideje megpuhulni, illetve egy kicsit a máz is megszilárduljon a tetején.</p>
<p><strong><br />Hozzávalók:<a href="https://sutivar.cafeblog.hu/files/2016/05/Eclair2.jpg"><img class="alignright size-medium wp-image-2726" src="https://sutivar.cafeblog.hu/files/2016/05/Eclair2-300x225.jpg" alt="Eclair2" width="300" height="225" /></a></strong></p>
<p>20 dkg Graham keksz vagy<br />teljes kiőrlésű keksz<br />2 csomag vaníliás pudingpor vagy<br />25 dkg mascarpone<br />5 dl tej<br />2-3 evőkanál barna cukor<br />1 csomag vaníliás cukor<br />3 dl habtejszín</p>
<p><strong>Máz:<a href="https://sutivar.cafeblog.hu/files/2016/05/Eclair1.jpg"><img class="alignright size-medium wp-image-2725" src="https://sutivar.cafeblog.hu/files/2016/05/Eclair1-300x225.jpg" alt="Eclair1" width="300" height="225" /></a></strong></p>
<p>5 dkg margarin<br />5 dkg cukrozatlan kakaópor<br />5 dl tej<br />10 dkg porcukor<br /><br /><br /><strong><br />Elkészítés:</strong></p>
<p style="text-align: justify"><span class="recipe_instructions_action">Készítsük el a pudingport a csomagoláson lévő módon a tejjel és a kétféle cukorral, hűtsük le, majd keverjük bele a felvert tejszínhabot. (Amennyiben mascarpone-val készítjük, akkor ehhez keverjük a tejszínhabot.) A mázhoz valókat egy edényben olvasszuk össze, forraljuk fel. Egy közepes méretű tepsi vagy jénai alját rakjunk ki egy sor keksszel, kenjük rá a krém felét, majd ismét egy réteg keksz, krém, és a végén keksz. A tetejére öntsük rá a mázat, majd tegyük néhány órára vagy egy egész éjszakára a hűtőszekrénybe.</span></p>
